{"id":120,"date":"2020-10-04T19:47:03","date_gmt":"2020-10-04T17:47:03","guid":{"rendered":"http:\/\/cms.hermannsdorfers-kontor.de\/?page_id=120"},"modified":"2021-05-23T23:20:53","modified_gmt":"2021-05-23T21:20:53","slug":"dienstleistung","status":"publish","type":"page","link":"https:\/\/www.hermannsdorfers-kontor.de\/index.php\/dienstleistung\/","title":{"rendered":"Dienstleistung"},"content":{"rendered":"\n<p>Vertriebsexperte. Gastro-Berater. Ihr Vorteil.<\/p>\n\n\n\n<hr class=\"wp-block-separator\"\/>\n\n\n\n<div class=\"wp-block-media-text alignwide is-stacked-on-mobile is-vertically-aligned-top\"><figure class=\"wp-block-media-text__media\"><img fetchpriority=\"high\" decoding=\"async\" width=\"300\" height=\"225\" src=\"https:\/\/www.hermannsdorfers-kontor.de\/wp-content\/uploads\/2020\/10\/InternetThomas3_0_0.jpg\" alt=\"\" class=\"wp-image-121 size-full\"\/><\/figure><div class=\"wp-block-media-text__content\">\n<p><strong>Thomas Hermannsdorfer<\/strong> von Hermannsdorfers Kontor am Bodensee ist Ihr erster Ansprechpartner f\u00fcr <strong>professionelle Beratung und Dienstleistung<\/strong> f\u00fcr die <strong>Getr\u00e4nke- und Lebensmittelbranche<\/strong> \u2013 und qualifizierter Partner der <strong>Gastronomie<\/strong>.<\/p>\n<\/div><\/div>\n\n\n\n<hr class=\"wp-block-separator\"\/>\n\n\n\n<p><strong>Der Vertriebsexperte:<\/strong><\/p>\n\n\n\n<ul class=\"wp-block-list\"><li>abschlusssicher in <strong>Vertragsfragen<\/strong> und <strong>Akquisition<\/strong><br>\u00dcbernahme von Vertriebsaufgaben f\u00fcr Brauereien, Weing\u00fcter. Fachgro\u00dfh\u00e4ndler und Lebensmittelunternehmen<\/li><li>\u00dcbernahme <strong>zeitlich begrenzter<\/strong> Aufgaben bzw. Dienstleistungen<\/li><li>Unterst\u00fctzung bei Gesch\u00e4ftsanbahnung und Verhandlungen im <strong>franz\u00f6sisch- und englischsprachigen Ausland,<\/strong> mit sehr guten Sprach- und Mentalit\u00e4tskenntnissen<\/li><\/ul>\n\n\n\n<p><strong>F\u00fcr den Gastronomen:<\/strong><\/p>\n\n\n\n<ul class=\"wp-block-list\"><li>unabh\u00e4ngige <strong>Wirtschaftlichkeitsberatungen<\/strong><\/li><li>f\u00fcr Gastronomen, Hoteliers, Fachgro\u00dfh\u00e4ndler, z.B. in Hinblick auf Brauereivereinbarungen oder Aufbau von Wirtschaftlichkeitsinstrumenten, zur Unternehmensstrukturierung und F\u00fchrung<\/li><li>Modelle f\u00fcr <strong>Kalkulationssicherheit<\/strong><\/li><li>\u00dcberpr\u00fcfung von <strong>Kostenstrukturen<\/strong><\/li><li>\u00dcbernahme von Aufgaben, die im Tagesgeschehen untergehen, aber wichtige <strong>Managementhilfsmittel<\/strong> sind<\/li><li><strong>Pr\u00fcfung<\/strong> von Brauereivertr\u00e4gen<\/li><\/ul>\n\n\n\n<p><strong>Ihr Vorteil:<\/strong><\/p>\n\n\n\n<ul class=\"wp-block-list\"><li>Abdeckung von Auftragsspitzen <strong>ohne fixe Personalkosten<\/strong><\/li><li><strong>tragf\u00e4hige Kontakte<\/strong> im deutschsprachigen und internationalen Raum<\/li><li>professionelle <strong>Unterst\u00fctzung<\/strong><\/li><li>kollegiale und faire <strong>R\u00fcckendeckung<\/strong><\/li><li>diskrete <strong>Beratung<\/strong><\/li><li>Kostensicherheit durch <strong>Transparenz<\/strong> bei Auftragsvergabe<\/li><\/ul>\n\n\n\n<p><strong>Zus\u00e4tzlicher Effekt:<\/strong><\/p>\n\n\n\n<p>Nutzen Sie ein <strong>gro\u00dfes Netzwerk<\/strong> pers\u00f6nlicher und bislang exklusiver Kontakte in die Hotellerie und Gastronomie!<\/p>\n","protected":false},"excerpt":{"rendered":"<p>Vertriebsexperte. Gastro-Berater. Ihr Vorteil. Thomas Hermannsdorfer von Hermannsdorfers Kontor am Bodensee ist Ihr erster Ansprechpartner f\u00fcr professionelle Beratung und Dienstleistung f\u00fcr die Getr\u00e4nke- und Lebensmittelbranche \u2013 und qualifizierter Partner der Gastronomie. Der Vertriebsexperte: abschlusssicher in Vertragsfragen und Akquisition\u00dcbernahme von Vertriebsaufgaben f\u00fcr Brauereien, Weing\u00fcter. Fachgro\u00dfh\u00e4ndler und Lebensmittelunternehmen \u00dcbernahme zeitlich begrenzter Aufgaben bzw. Dienstleistungen Unterst\u00fctzung bei Gesch\u00e4ftsanbahnung und Verhandlungen im franz\u00f6sisch- und englischsprachigen Ausland, mit sehr guten Sprach- und Mentalit\u00e4tskenntnissen F\u00fcr den Gastronomen: unabh\u00e4ngige Wirtschaftlichkeitsberatungen f\u00fcr Gastronomen, Hoteliers, Fachgro\u00dfh\u00e4ndler, z.B. in Hinblick auf Brauereivereinbarungen oder Aufbau von Wirtschaftlichkeitsinstrumenten, zur Unternehmensstrukturierung und F\u00fchrung Modelle f\u00fcr Kalkulationssicherheit \u00dcberpr\u00fcfung von Kostenstrukturen \u00dcbernahme von Aufgaben, die im Tagesgeschehen untergehen, aber wichtige Managementhilfsmittel sind Pr\u00fcfung von Brauereivertr\u00e4gen Ihr Vorteil: Abdeckung von Auftragsspitzen ohne fixe Personalkosten tragf\u00e4hige Kontakte im deutschsprachigen und internationalen Raum professionelle Unterst\u00fctzung kollegiale und faire R\u00fcckendeckung diskrete Beratung Kostensicherheit durch Transparenz bei Auftragsvergabe Zus\u00e4tzlicher Effekt: Nutzen Sie ein gro\u00dfes Netzwerk pers\u00f6nlicher und bislang exklusiver Kontakte in die Hotellerie und Gastronomie!<\/p>\n","protected":false},"author":1,"featured_media":0,"parent":0,"menu_order":0,"comment_status":"closed","ping_status":"closed","template":"","meta":{"footnotes":""},"class_list":["post-120","page","type-page","status-publish","hentry"],"acf":[],"_links":{"self":[{"href":"https:\/\/www.hermannsdorfers-kontor.de\/index.php\/wp-json\/wp\/v2\/pages\/120","targetHints":{"allow":["GET"]}}],"collection":[{"href":"https:\/\/www.hermannsdorfers-kontor.de\/index.php\/wp-json\/wp\/v2\/pages"}],"about":[{"href":"https:\/\/www.hermannsdorfers-kontor.de\/index.php\/wp-json\/wp\/v2\/types\/page"}],"author":[{"embeddable":true,"href":"https:\/\/www.hermannsdorfers-kontor.de\/index.php\/wp-json\/wp\/v2\/users\/1"}],"replies":[{"embeddable":true,"href":"https:\/\/www.hermannsdorfers-kontor.de\/index.php\/wp-json\/wp\/v2\/comments?post=120"}],"version-history":[{"count":7,"href":"https:\/\/www.hermannsdorfers-kontor.de\/index.php\/wp-json\/wp\/v2\/pages\/120\/revisions"}],"predecessor-version":[{"id":853,"href":"https:\/\/www.hermannsdorfers-kontor.de\/index.php\/wp-json\/wp\/v2\/pages\/120\/revisions\/853"}],"wp:attachment":[{"href":"https:\/\/www.hermannsdorfers-kontor.de\/index.php\/wp-json\/wp\/v2\/media?parent=120"}],"curies":[{"name":"wp","href":"https:\/\/api.w.org\/{rel}","templated":true}]}}