{"id":17,"date":"2020-10-02T23:59:59","date_gmt":"2020-10-02T21:59:59","guid":{"rendered":"http:\/\/cms.hermannsdorfers-kontor.de\/?page_id=17"},"modified":"2024-01-06T13:26:28","modified_gmt":"2024-01-06T12:26:28","slug":"kontakt","status":"publish","type":"page","link":"https:\/\/www.hermannsdorfers-kontor.de\/index.php\/kontakt\/","title":{"rendered":"Kontakt"},"content":{"rendered":"\n<p>F\u00fcr<strong> Reservierungen und telefonische Anfragen <\/strong>w\u00e4hlen Sie bitte die Nummer <strong><a href=\"tel:+4975323108830\">07532-3108830,<\/a><\/strong> dort k\u00f6nnen Sie ggf. auch gerne eine Nachricht hinterlassen. <\/p>\n\n\n\n<p>In wichtigen F\u00e4llen sind wir auch mobil unter 0176-96720558 zu erreichen.<br>F\u00fcr Mailanfragen klicken Sie bitte folgenden Link zur Kontaktaufnahme an:<br><a href=\"mailto:th@hermannsdorfers-kontor.de\">th@hermannsdorfers-kontor.de<\/a>  <br>Bitte beachten Sie auch unsere Datenschutzerkl\u00e4rung gem\u00e4\u00df neuer EU-Verordnung vom 25.05.2018.<\/p>\n","protected":false},"excerpt":{"rendered":"<p>F\u00fcr Reservierungen und telefonische Anfragen w\u00e4hlen Sie bitte die Nummer 07532-3108830, dort k\u00f6nnen Sie ggf. auch gerne eine Nachricht hinterlassen. In wichtigen F\u00e4llen sind wir auch mobil unter 0176-96720558 zu erreichen.F\u00fcr Mailanfragen klicken Sie bitte folgenden Link zur Kontaktaufnahme an:th@hermannsdorfers-kontor.de Bitte beachten Sie auch unsere Datenschutzerkl\u00e4rung gem\u00e4\u00df neuer EU-Verordnung vom 25.05.2018.<\/p>\n","protected":false},"author":1,"featured_media":0,"parent":0,"menu_order":0,"comment_status":"closed","ping_status":"closed","template":"","meta":{"footnotes":""},"class_list":["post-17","page","type-page","status-publish","hentry"],"acf":[],"_links":{"self":[{"href":"https:\/\/www.hermannsdorfers-kontor.de\/index.php\/wp-json\/wp\/v2\/pages\/17","targetHints":{"allow":["GET"]}}],"collection":[{"href":"https:\/\/www.hermannsdorfers-kontor.de\/index.php\/wp-json\/wp\/v2\/pages"}],"about":[{"href":"https:\/\/www.hermannsdorfers-kontor.de\/index.php\/wp-json\/wp\/v2\/types\/page"}],"author":[{"embeddable":true,"href":"https:\/\/www.hermannsdorfers-kontor.de\/index.php\/wp-json\/wp\/v2\/users\/1"}],"replies":[{"embeddable":true,"href":"https:\/\/www.hermannsdorfers-kontor.de\/index.php\/wp-json\/wp\/v2\/comments?post=17"}],"version-history":[{"count":12,"href":"https:\/\/www.hermannsdorfers-kontor.de\/index.php\/wp-json\/wp\/v2\/pages\/17\/revisions"}],"predecessor-version":[{"id":4024,"href":"https:\/\/www.hermannsdorfers-kontor.de\/index.php\/wp-json\/wp\/v2\/pages\/17\/revisions\/4024"}],"wp:attachment":[{"href":"https:\/\/www.hermannsdorfers-kontor.de\/index.php\/wp-json\/wp\/v2\/media?parent=17"}],"curies":[{"name":"wp","href":"https:\/\/api.w.org\/{rel}","templated":true}]}}