{"id":95,"date":"2024-01-04T15:25:00","date_gmt":"2024-01-04T14:25:00","guid":{"rendered":"http:\/\/cms.hermannsdorfers-kontor.de\/?page_id=95"},"modified":"2024-01-07T20:39:37","modified_gmt":"2024-01-07T19:39:37","slug":"catering","status":"publish","type":"page","link":"https:\/\/www.hermannsdorfers-kontor.de\/index.php\/catering\/","title":{"rendered":"Catering, Feiern&#8230;.."},"content":{"rendered":"\n<p id=\"page-title\">Sie wollen sich Ihren G\u00e4sten widmen? Verst\u00e4ndlich! \u00dcberlassen Sie mir das Kochen. Bei Ihnen <strong>zu Hause<\/strong> oder als feines Catering mitreiner Anlieferung. Ich bin ab Fr\u00fchjahr 2024 als Freelancer Koch, mit Produktion bei Kollegen, wieder am Markt, um Ihre Veranstaltung auszurichten, sei es Weihnachten oder eine Geburtstag oder ein Jubil\u00e4um.<\/p>\n\n\n\n<div class=\"wp-block-media-text alignwide is-stacked-on-mobile is-vertically-aligned-top\"><figure class=\"wp-block-media-text__media\"><img fetchpriority=\"high\" decoding=\"async\" width=\"1024\" height=\"768\" src=\"https:\/\/www.hermannsdorfers-kontor.de\/wp-content\/uploads\/2021\/04\/Catering_5-1024x768.jpg\" alt=\"\" class=\"wp-image-576 size-full\" srcset=\"https:\/\/www.hermannsdorfers-kontor.de\/wp-content\/uploads\/2021\/04\/Catering_5-1024x768.jpg 1024w, https:\/\/www.hermannsdorfers-kontor.de\/wp-content\/uploads\/2021\/04\/Catering_5-300x225.jpg 300w, https:\/\/www.hermannsdorfers-kontor.de\/wp-content\/uploads\/2021\/04\/Catering_5-768x576.jpg 768w, https:\/\/www.hermannsdorfers-kontor.de\/wp-content\/uploads\/2021\/04\/Catering_5-1536x1152.jpg 1536w, https:\/\/www.hermannsdorfers-kontor.de\/wp-content\/uploads\/2021\/04\/Catering_5-2048x1536.jpg 2048w, https:\/\/www.hermannsdorfers-kontor.de\/wp-content\/uploads\/2021\/04\/Catering_5-1140x855.jpg 1140w\" sizes=\"(max-width: 1024px) 100vw, 1024px\" \/><\/figure><div class=\"wp-block-media-text__content\">\n<p class=\"has-text-align-left\">Ich habe durch den knapp 12 j\u00e4hrigen Betrieb von Hermannsdorfers im Sch\u00fctzenhaus und auch schon durch meine Kocht\u00e4tigkeiten in der Top-Gastronomie davor, <strong>Erfahrung im Catering au\u00dfer Haus <\/strong>bis <strong>120 Personen <\/strong>und eine lange Liste von sehr zufriedenen Kunden, von A wie Aufricht bis X Gleixner. Allerdings werde ich die G\u00e4steanzahl nun heruntersetzen.<\/p>\n\n\n\n<p>Ob hochwertiges <strong>Fingerfood<\/strong>, fein angerichtetes <strong>Buffet<\/strong> oder <strong>festliches Men\u00fc<\/strong>, ich nehme mir gerne Zeit mit Ihnen das passende Wunschmen\u00fc zu finden. Als Chef Alliance Koch von Sloefood liegen mir besonders hochwertige Zutaten am Herzen<\/p>\n<\/div><\/div>\n\n\n\n<div class=\"wp-block-media-text alignwide has-media-on-the-right is-stacked-on-mobile is-vertically-aligned-top\"><div class=\"wp-block-media-text__content\">\n<p>Kommen Sie einfach auf mich zu, ich freue mich auf Ihre Anfrage.<\/p>\n<\/div><figure class=\"wp-block-media-text__media\"><img decoding=\"async\" width=\"1024\" height=\"768\" src=\"https:\/\/www.hermannsdorfers-kontor.de\/wp-content\/uploads\/2020\/10\/20160915_122545-1024x768.jpg\" alt=\"\" class=\"wp-image-97 size-full\" srcset=\"https:\/\/www.hermannsdorfers-kontor.de\/wp-content\/uploads\/2020\/10\/20160915_122545-1024x768.jpg 1024w, https:\/\/www.hermannsdorfers-kontor.de\/wp-content\/uploads\/2020\/10\/20160915_122545-300x225.jpg 300w, https:\/\/www.hermannsdorfers-kontor.de\/wp-content\/uploads\/2020\/10\/20160915_122545-768x576.jpg 768w, https:\/\/www.hermannsdorfers-kontor.de\/wp-content\/uploads\/2020\/10\/20160915_122545-1140x855.jpg 1140w, https:\/\/www.hermannsdorfers-kontor.de\/wp-content\/uploads\/2020\/10\/20160915_122545.jpg 1200w\" sizes=\"(max-width: 1024px) 100vw, 1024px\" \/><\/figure><\/div>\n\n\n\n<hr class=\"wp-block-separator has-css-opacity\"\/>\n\n\n\n<p><strong>Einige Referenzen: <\/strong>Denn nichts erz\u00e4hlt besser etwas \u00fcber Geliefertes als die Belieferten.<\/p>\n\n\n\n<ul class=\"wp-block-list\">\n<li>Dr. Klaus Antons, B\u00fcsingen<\/li>\n\n\n\n<li>Dr. Andrea Leute, Daisendorf<\/li>\n\n\n\n<li>Familie Langer, Uhldingen-M\u00fchlhofen<\/li>\n\n\n\n<li>Pfarrer Thomas Rumpf, Suttgart<\/li>\n\n\n\n<li><a href=\"https:\/\/www.linutronix.de\/\">Firma Linutronix<\/a> (Seminarverpflegung)<\/li>\n\n\n\n<li>Familie Gleixner, Uhldingen-M\u00fchlofen<\/li>\n\n\n\n<li>Weingut Aufricht in Stetten bei Meersburg<\/li>\n\n\n\n<li>Familie Heger, Meersburg<\/li>\n\n\n\n<li>und viele mehr.<\/li>\n<\/ul>\n\n\n\n<p><\/p>\n","protected":false},"excerpt":{"rendered":"<p>Sie wollen sich Ihren G\u00e4sten widmen? Verst\u00e4ndlich! \u00dcberlassen Sie mir das Kochen. Bei Ihnen zu Hause oder als feines Catering mitreiner Anlieferung. Ich bin ab Fr\u00fchjahr 2024 als Freelancer Koch, mit Produktion bei Kollegen, wieder am Markt, um Ihre Veranstaltung auszurichten, sei es Weihnachten oder eine Geburtstag oder ein Jubil\u00e4um. Ich habe durch den knapp 12 j\u00e4hrigen Betrieb von Hermannsdorfers im Sch\u00fctzenhaus und auch schon durch meine Kocht\u00e4tigkeiten in der Top-Gastronomie davor, Erfahrung im Catering au\u00dfer Haus bis 120 Personen und eine lange Liste von sehr zufriedenen Kunden, von A wie Aufricht bis X Gleixner. Allerdings werde ich die G\u00e4steanzahl nun heruntersetzen. Ob hochwertiges Fingerfood, fein angerichtetes Buffet oder festliches Men\u00fc, ich nehme mir gerne Zeit mit Ihnen das passende Wunschmen\u00fc zu finden. Als Chef Alliance Koch von Sloefood liegen mir besonders hochwertige Zutaten am Herzen Kommen Sie einfach auf mich zu, ich freue mich auf Ihre Anfrage. Einige Referenzen: Denn nichts erz\u00e4hlt besser etwas \u00fcber Geliefertes als die Belieferten.<\/p>\n","protected":false},"author":1,"featured_media":0,"parent":0,"menu_order":0,"comment_status":"closed","ping_status":"closed","template":"","meta":{"footnotes":""},"class_list":["post-95","page","type-page","status-publish","hentry"],"acf":[],"_links":{"self":[{"href":"https:\/\/www.hermannsdorfers-kontor.de\/index.php\/wp-json\/wp\/v2\/pages\/95","targetHints":{"allow":["GET"]}}],"collection":[{"href":"https:\/\/www.hermannsdorfers-kontor.de\/index.php\/wp-json\/wp\/v2\/pages"}],"about":[{"href":"https:\/\/www.hermannsdorfers-kontor.de\/index.php\/wp-json\/wp\/v2\/types\/page"}],"author":[{"embeddable":true,"href":"https:\/\/www.hermannsdorfers-kontor.de\/index.php\/wp-json\/wp\/v2\/users\/1"}],"replies":[{"embeddable":true,"href":"https:\/\/www.hermannsdorfers-kontor.de\/index.php\/wp-json\/wp\/v2\/comments?post=95"}],"version-history":[{"count":12,"href":"https:\/\/www.hermannsdorfers-kontor.de\/index.php\/wp-json\/wp\/v2\/pages\/95\/revisions"}],"predecessor-version":[{"id":4039,"href":"https:\/\/www.hermannsdorfers-kontor.de\/index.php\/wp-json\/wp\/v2\/pages\/95\/revisions\/4039"}],"wp:attachment":[{"href":"https:\/\/www.hermannsdorfers-kontor.de\/index.php\/wp-json\/wp\/v2\/media?parent=95"}],"curies":[{"name":"wp","href":"https:\/\/api.w.org\/{rel}","templated":true}]}}